{"id":5674262,"date":"2023-03-03T06:22:19","date_gmt":"2023-03-03T09:22:19","guid":{"rendered":"https:\/\/www.bpriletisim.com\/?page_id=5674262"},"modified":"2023-04-03T06:12:35","modified_gmt":"2023-04-03T09:12:35","slug":"sosyal-medya-yonetimi","status":"publish","type":"page","link":"https:\/\/www.bpriletisim.com\/?page_id=5674262","title":{"rendered":"Sosyal Medya Y\u00f6netimi"},"content":{"rendered":"<section class=\"wpb-content-wrapper\">[vc_row][vc_column]<div class=\"norebro-split-box-sc split-box\" \nid=\"norebro-custom-69e1c5917aa23\" \n>\n\n\t<div class=\"vc_col-md-6 split-box-wrap\">\n\t<div class=\"parallax-bg\"><\/div>\n\t<div class=\"content\">\n\t\t[vc_single_image image=&#8221;5674464&#8243; img_size=&#8221;full&#8221; css_animation=&#8221;fadeInLeft&#8221;]\t<\/div>\n<\/div><div class=\"vc_col-md-6 split-box-wrap\">\n\t<div class=\"parallax-bg\"><\/div>\n\t<div class=\"content\">\n\t\t<div class=\"norebro-text-sc \" \n\tid=\"norebro-custom-69e1c5918904b\" \n\t data-aos=\"fade-left\" \n\t>\n\n\t<div class=\"page\" title=\"Page 7\">\n<div class=\"section\">\n<div class=\"layoutArea\">\n<div class=\"column\">\n<p>Marka bilinirlig\u0306ini ve etkiles\u0327imini artt\u0131rmak ic\u0327in, gu\u0308ncel trendleri takip eden ic\u0327erikler u\u0308reterek, yarat\u0131c\u0131l\u0131k ve teknolojiyi birles\u0327tiren c\u0327o\u0308zu\u0308mlerle sosyal medya hesaplar\u0131n\u0131zda yenilikc\u0327i bak\u0131s\u0327 ac\u0327\u0131m\u0131zla olus\u0327turulmus\u0327 kurum hikayeleri yarat\u0131yoruz.<\/p>\n<ul>\n<li>Sosyal Medya hesaplar\u0131n\u0131n du\u0308zenlenmesi,<\/li>\n<li>Marka yetkilileri ile birlikte yarat\u0131lacak olan belirli konseptlerde o\u0308zel ic\u0327erik u\u0308retimlerinin sag\u0306lanmas\u0131,<\/li>\n<li>Sosyal medya stratejisinde var olan marka bilinirlig\u0306ini korumak, art\u0131rmak ve hedef kitleye ulas\u0327\u0131lmas\u0131,<\/li>\n<li>Sosyal medya hedefleri c\u0327erc\u0327evesinde etkiles\u0327im deg\u0306erlerinin art\u0131r\u0131lmas\u0131na yo\u0308nelik ad\u0131mlar\u0131n at\u0131lmas\u0131,<\/li>\n<li>Du\u0308zenli aral\u0131klarla sosyal medya moderasyonlar\u0131n\u0131n sag\u0306lanmas\u0131.<\/li>\n<\/ul>\n<\/div>\n<\/div>\n<\/div>\n<\/div>\n\t\n<\/div>\t<\/div>\n<\/div>\t\n\n<\/div>[\/vc_column][\/vc_row]\n<\/section>","protected":false},"excerpt":{"rendered":"<p>[vc_row][vc_column][\/vc_column][\/vc_row]<\/p>\n","protected":false},"author":1,"featured_media":0,"parent":0,"menu_order":0,"comment_status":"closed","ping_status":"closed","template":"","meta":{"footnotes":""},"class_list":["post-5674262","page","type-page","status-publish","hentry"],"acf":[],"_links":{"self":[{"href":"https:\/\/www.bpriletisim.com\/index.php?rest_route=\/wp\/v2\/pages\/5674262"}],"collection":[{"href":"https:\/\/www.bpriletisim.com\/index.php?rest_route=\/wp\/v2\/pages"}],"about":[{"href":"https:\/\/www.bpriletisim.com\/index.php?rest_route=\/wp\/v2\/types\/page"}],"author":[{"embeddable":true,"href":"https:\/\/www.bpriletisim.com\/index.php?rest_route=\/wp\/v2\/users\/1"}],"replies":[{"embeddable":true,"href":"https:\/\/www.bpriletisim.com\/index.php?rest_route=%2Fwp%2Fv2%2Fcomments&post=5674262"}],"version-history":[{"count":1,"href":"https:\/\/www.bpriletisim.com\/index.php?rest_route=\/wp\/v2\/pages\/5674262\/revisions"}],"predecessor-version":[{"id":5675489,"href":"https:\/\/www.bpriletisim.com\/index.php?rest_route=\/wp\/v2\/pages\/5674262\/revisions\/5675489"}],"wp:attachment":[{"href":"https:\/\/www.bpriletisim.com\/index.php?rest_route=%2Fwp%2Fv2%2Fmedia&parent=5674262"}],"curies":[{"name":"wp","href":"https:\/\/api.w.org\/{rel}","templated":true}]}}